m**3/6 - 7*m**2 - 2*m. Calculate n(f).
3
Suppose 31*i + 18 = 25*i. Let v(t) = -2*t**2 - 7*t - 6. Determine v(i).
-3
Let y(o) = -o**3 + o**2. Let u(t) = 3*t**3 - 6*t**2 + 4*t + 3. Let h(p) = -u(p) - 4*y(p). Let j = -41 - -25. Let g be ((-12)/j)/((-2)/8). Determine h(g).
0
Let k = 139 - 138. Let s be -3 - ((k - 0 - 3) + -1). Let h(c) = c**3 - c**2 - 22. Give h(s).
-22
Let s(k) = -3*k + 2. Let b be (1 - 2)*(-13 - -1). Suppose -5*q - 5*h - 21 = 9, -h + b = -5*q. What is s(q)?
11
Let k(f) = -29*f + 58*f + 11 - 26*f. Let o(c) = -4*c - 12. Let b(y) = -3*k(y) - 2*o(y). Calculate b(-4).
-5
Suppose 5*g + 108 = 41*g. Let x(b) = 5*b - 3*b - 3*b - 4. What is x(g)?
-7
Suppose 0 = f - 3*f - 12. Let o(t) be the third derivative of t**4/12 + 8*t**3/3 + 4*t**2. Let v(w) = 3*w + 24. Let x(q) = 8*o(q) - 5*v(q). Give x(f).
2
Suppose 0*y = y. Let d(k) = -2*k + 2 + 1 + y*k. Let q be ((-117)/45 + 3)*10. What is d(q)?
-5
Suppose -4*x - 1 = 5*s, s - x = x + 11. Let t(q) = -5*q - 1. Let u(m) = -m. Let a(h) = -t(h) + 3*u(h). Give a(s).
7
Let g(s) = 5*s - 14. Let z be g(4). Suppose -11*c = -z*c - 35. Let b(r) = -r**2 + 7*r - 10. Calculate b(c).
-10
Let r(g) = -6*g - 4. Suppose -3*q - 4*n + 2 = -27, 10 = -5*q + 5*n. What is r(q)?
-22
Let s be (40/(-25))/(2/(-5)). Suppose -4*j = j - 15. Let a(f) = -3*f**2 + 7 - f**3 - 2 - 3*f - j*f + 2*f**3. Calculate a(s).
-3
Let a(p) = 5*p + 2 - 1 + p**2 - 4 + 8. Let u be 2/(-4)*0 - 2. Let t be (-24)/9*(-3)/u. Give a(t).
1
Let u(r) = -8*r + 2. Let o(x) be the first derivative of -2*x**2 + x + 12. Let w(f) = 5*o(f) - 2*u(f). Calculate w(-2).
9
Let g(n) = 7*n + 2. Let u(m) = m. Let b(q) = g(q) - u(q). Let r = 257 + -261. What is b(r)?
-22
Let z(m) = m - 4. Let n(i) = -i**3 + 4*i**2 + 4*i + 5. Let c be ((-1)/(-3))/(5/75). Let v be n(c). Determine z(v).
-4
Suppose 4*x = 4*y + 9*x - 33, -5 = -x. Let c(t) = -3*t + 10. Determine c(y).
4
Let l(d) be the third derivative of d**7/280 - d**6/120 + d**5/120 - 25*d**3/6 - 15*d**2. Let o(p) be the first derivative of l(p). Give o(2).
14
Let w(z) = z**3 - 10*z**2 + 9*z + 10. Suppose -182*l - 26 = -4*m - 184*l, 0 = -m + 3*l + 24. Give w(m).
10
Let j be (-57)/9 + (-3)/(-9). Let w(o) = o + 2. Let i be w(j). Let n(y) = 5 + 5*y + y - 3*y + y. Give n(i).
-11
Suppose 9 = -t + 3*r, -8 + 1 = -t - 5*r. Let d be (5/(-25)*0)/t. Let o(z) = z + 8. Give o(d).
8
Let z(n) = 3*n + 1 + 0 + 0*n - n**3 - 4*n**2 + 2*n. Let h be z(-5). Let u(x) = 4*x**2 - x + 1. Calculate u(h).
4
Let f(i) = -6 - 129*i**2 + 62*i**2 - 14*i + 68*i**2. Give f(8).
-54
Let a(o) = -o**3 - 8*o**2 - 9*o. Let f = 390 + -397. What is a(f)?
14
Let q(f) be the third derivative of f**4/24 - f**3/6 - 64*f**2. Give q(3).
2
Let v be 112/40*(1 - -4). Let q = -17 + v. Let t(z) = -3*z - 1. Give t(q).
8
Let g(d) be the second derivative of d**5/20 - 7*d**4/12 + 7*d**3/6 + d**2 + 161*d. Calculate g(6).
8
Let t(c) = -c**3 + 5*c**2 + 4. Suppose -14 = 4*s + 26. Let w be (-3)/(-15) - 48/s. Let p be t(w). Let f(q) = q**3 - 5*q**2 + 5*q + 4. Determine f(p).
8
Let f = -2795 + 2801. Let r(v) = -v**2 + 3*v - 6. What is r(f)?
-24
Let u(d) = d - 1. Let q(s) = -s**2 - 2*s - 3. Let j be q(-2). Let x(k) = -k**2 - 11*k - 28. Let r be x(-5). Let l be j + (7 - r - 2). Calculate u(l).
-1
Let h(l) = 14*l**3 + 2*l**2 - l. Suppose 0 = 11*g - 14*g + 51. Suppose -12 = 5*m - g. Calculate h(m).
15
Let s(l) = l**2 - 29*l + 40. Let j be s(28). Let z(q) = -12 + 9*q**2 + j - 1. What is z(-1)?
8
Let s(m) = -m**2 - 4*m - 8. Suppose 0 = 6*p - 30 + 60. Let y(c) = 2*c**2 + 9*c + 15. Let a = -11 - -8. Let n(w) = a*y(w) + p*s(w). What is n(-6)?
1
Let g = -241 + 244. Let r(f) = f**3 - f**2 - 5*f + 2. Calculate r(g).
5
Let o be (-1)/(-2)*2/(-1). Suppose -6 = -11*h + 9*h. Let b(q) = 18*q**h - q**2 - 1 - 21*q**3 + 2*q**2. Calculate b(o).
3
Let q(t) = 2*t**3 - 2*t + 1. Suppose -3*d = -4*i - 4, i = 6*i + d - 14. Suppose -3*h = 2*l - 11, 0*h - i*h = -6. What is q(l)?
1
Suppose 2*s - 3*l - 321 = 7*s, -5*s = -5*l + 305. Let r = 65 + s. Let h(q) = -16*q + 11. Let t(m) = -24*m + 16. Let j(b) = -7*h(b) + 5*t(b). Give j(r).
-13
Suppose -5*i = -9*i - 4. Let m be 9/(-9) - -4 - 0/i. Let a(z) = -3*z**2 + 3*z - 2. Calculate a(m).
-20
Let z(u) = u**2 + 8*u + 14. Let s be z(-6). Let v(w) = 3*w + w + 3*w**2 - 1 - 2*w**s - 2*w. Let j be (0/1 - 6) + 2. What is v(j)?
7
Let d(l) be the third derivative of l**4/24 - l**3/3 - 23*l**2. What is d(-3)?
-5
Let z(s) be the second derivative of s**7/840 - s**6/360 + s**5/40 - 20*s**3/3 + 8*s. Let h(k) be the second derivative of z(k). Give h(3).
27
Let z be 28*(-4)/(-16)*1. Let j(k) = -3*k**2 + 21*k. Give j(z).
0
Let v(h) = 2*h**2 - h**3 + 0*h**3 + 8*h - 5*h - 3*h**2. Determine v(-3).
9
Suppose -2*p + j + 2 = 0, 3*p = 2*p - j + 7. Suppose 5*h - 29 = -3*o, -3*o + h = 2*o - 11. Let a(m) = 1523 - 1524 - 2*m - o*m + 3*m. Give a(p).
-7
Let y be 3 + 464/7 + (-4)/14. Suppose -41 = -4*n - y. Let p(w) = -w + 9. Give p(n).
16
Let k = -148 - -154. Let n(o) = 2*o. Let q(v) = -v + 1. Let h(s) = 2*n(s) + 3*q(s). Calculate h(k).
9
Let k = -42 - -38. Let m(p) be the second derivative of 0 - 5/2*p**2 + 3*p + 2/3*p**3 + 1/12*p**4. Determine m(k).
-5
Let c be -2 - 12/(-3) - 0. Let u(w) = -6*w**3 + 31*w**2 - w + 1. Let l(i) = -i**3 + 5*i**2. Let n(b) = -13*l(b) + 2*u(b). Give n(c).
-6
Suppose -p + 5 = 0, -3*z = 5*p - 8*p + 6. Let o(j) = j**2 - 2*j + 3. Calculate o(z).
6
Let x(n) = -51*n + 186*n - 52*n - 80*n - 1. Suppose -w = -3*w + 6. What is x(w)?
8
Let m(x) = -18*x - 2. Let w(r) = 4*r + 1. Let p(s) = -m(s) - 5*w(s). What is p(-4)?
5
Let u(o) = -o**2 + 12*o + 26. Suppose 2*d = -s - 3*s + 34, 0 = -s - 3*d - 4. Calculate u(s).
37
Let s = 599 + -595. Let f(m) = 2*m**2 + 4*m + 5. What is f(s)?
53
Let m(y) = 7*y**2 - 10*y - 4. Let v(l) = 13*l**2 - 19*l - 8. Suppose 3*c - 77 = 10*c. Let o(f) = c*m(f) + 6*v(f). Determine o(4).
-4
Let q(p) be the third derivative of 1/12*p**4 + 0 - 7/6*p**3 + 1/60*p**5 + 0*p + 5*p**2. Let k = 6 - 11. Give q(k).
8
Let f(q) = 3*q**3 + 10*q**2 - 7*q - 4. Let j = 62 - 51. Let o(r) = 8*r**3 + 29*r**2 - 20*r - 12. Let d(a) = j*f(a) - 4*o(a). Calculate d(5).
-6
Let r(m) be the second derivative of m**6/720 + m**5/15 - 11*m**4/12 - 11*m. Let g(n) be the third derivative of r(n). Let v = -16 + 9. Give g(v).
1
Let g(i) = -4*i + 3. Let r be (-25)/25*(2 - (-3)/(-3)). Calculate g(r).
7
Let l(s) be the first derivative of -1/3*s**3 - 10 + 2*s + 7/2*s**2. Calculate l(8).
-6
Suppose 0 = -v - g + 1, 5*v + 0*g = g + 5. Let d(w) = 7*w**2 - w. Calculate d(v).
6
Let t(d) = -9*d - 4. Let c(m) = 14*m + 6. Let u(g) = 5*c(g) + 7*t(g). Let w be u(3). Let l = -21 + w. Let b(k) = -3*k + 1. Calculate b(l).
-5
Let f(z) = -5*z - 13. Let o be f(-3). Let k(b) = -5*b - 5*b**o + b**2 + 5*b**2 + 2*b - 4. Give k(5).
6
Let w(y) = y**3 + 11*y**2 + 9*y - 13. Let n be w(-10). Let j = 10 - 7. Let o(d) = -j*d - 5*d**2 + 1 + 6*d**2 - 2. Determine o(n).
17
Let a(s) be the first derivative of -s**4/4 + 7*s**3/3 - 3*s**2/2 + 3*s - 3. What is a(7)?
-18
Suppose 2*r - 3*r = -5. Let m(j) = 2*j**2 + 34*j - 2. Let i(x) = -x**2 - 24*x + 2. Let k(w) = 3*i(w) + 2*m(w). Give k(r).
7
Suppose -3*x = 2*s + 4 - 37, -4*x = -5*s - 67. Suppose -w = -2*j - 4*w - x, 3*j = 3*w - 57. Let p be ((-4)/(-7))/((-4)/j). Let r(c) = 4*c - 2. Give r(p).
6
Let a(n) = -5*n**2 - n - 35. Let l(b) = -b**2 - 8. Let y(w) = 2*a(w) - 9*l(w). Give y(-3).
-1
Let b be (-1)/(-2)*(4 - 14). Let j(m) = m**3 + 10*m**2 - 3*m + 5. Let l(c) = c**2 - c + 1. Let w(i) = b*l(i) + j(i). Determine w(-4).
8
Suppose -3 = -5*b + 7*i - 3*i, 5*b + 5*i + 15 = 0. Let r be (7 - -3 - 2) + b. Let l(g) = g + 62*g**2 - g**3 - 62*g**2 - r. Give l(0).
-7
Let a(y) = y**3 - 8*y**2 - 3. Let f be (4 + -1)*96/36. Give a(f).
-3
Let l(a) = a**3 - 6*a**2 + 3*a - 7. Let t(o) = -o**3 + 4*o**2 - o + 5. Let n = 19 + -16. Let p be t(n). Suppose 7 = 3*i - p. Calculate l(i).
11
Let h(o) = -o**3 + 5*o**2 - 2*o - 5. Let k = -34 + 40. Suppose -3*a + 11 = 2*f, 2*f - 3*a + k - 11 = 0. What is h(f)?
3
Let x(o) = -o**2 + 11*o - 9. Suppose 0 = -15*w + 20*w - 50. What is x(w)?
1
Let l(p) = p**3 - p**2 + p - 2. Let v(s) = -s - 9. Let y be v(0). Suppose -3*j = 0, -4*j = 6*q - 4*q. Let o be q/6*3/y. Determine l(o).
-2
Suppose -w + 5*u + 12 = 0, 3*w - 4*u = w + 30. Let h(y) = y + y + 16 + y - w. What is h(-1)?
